he units digit of m(y)?
9
Suppose 3*k = -q + 209, 0 = k + k. Let t = 146 - q. Let l = t + 90. What is the tens digit of l?
2
Suppose 12*v - 440 = 1096. What is the units digit of v?
8
Let k = -89 - -86. Let n(s) = -34*s - 15. What is the units digit of n(k)?
7
What is the hundreds digit of (-6)/(-5) + (-95640)/(-300)?
3
Let c(l) = l**2 - l - 2. Suppose 5*g - 5*f + 15 = -5, 4*g + 4*f = 0. What is the units digit of c(g)?
4
Let c(y) = -25*y - 74. What is the units digit of c(-9)?
1
Let t(r) = 5*r**2 + 4*r - 28. What is the tens digit of t(4)?
6
Let d(k) = 3*k**3 - 5*k**2 - k - 21. What is the thousands digit of d(8)?
1
Let r = 45 + -45. Suppose r = 8*c - 3*c, -5*t + 5*c = -90. What is the tens digit of t?
1
Let o = 6 - 3. Suppose i + 5*k = 54, -o*k = 5*i - 250 - 20. Suppose i = -p + 4*p. What is the units digit of p?
8
Let b = -15 - -18. Suppose b*j = -j - 84. Let l = 46 + j. What is the units digit of l?
5
Suppose 881 = 5*z - 119. Suppose -258 = -4*s - 2*v, -3*s - 5*v = -6*s + z. What is the units digit of s?
5
Let s = 2 + 3. Suppose k - 49 = -2*n + s, 2*n + 38 = k. Let b = k + -13. What is the units digit of b?
3
Let l(g) = -6*g. Let w be l(-2). Let u = w + 8. Suppose -2*k + k + u = 0. What is the tens digit of k?
2
Suppose -270 = -0*g - 10*g. Suppose 3*l - g = 183. What is the units digit of l?
0
Let z(c) = -c**2 + 1 - 1 - 1 + 6*c + 6. Let h be z(5). Suppose -h*r + 6 = -7*r. What is the units digit of r?
2
What is the tens digit of 6/20 + 10188/40?
5
Let j be 2 + (144/(-20))/(9/(-1590)). Suppose -8*b - 5*b = -j. What is the tens digit of b?
9
Suppose 82341 = 8*z + 13*z. What is the units digit of z?
1
Let p(z) = z**2 + z - 4. Let c be p(-3). Suppose c*h = -0*h + 342. What is the tens digit of h/9 + -2 + 3?
2
Let i(f) = 80*f + 25. What is the hundreds digit of i(8)?
6
Suppose 0 = 13*q - 9 - 108. What is the tens digit of (111/9)/(0 + 1/q)?
1
Let h = 71 - -9. What is the units digit of h?
0
Let w(u) = u**3 + 4*u**2 - 2*u - 3. Let x be w(-4). Suppose -4*j - 4*y - 28 = 0, x*j + 21 + 23 = -2*y. What is the units digit of (416/40)/((-4)/j)?
6
Let a = 3 + 2. Suppose -a*g - g + 36 = 0. Let d = 59 + g. What is the tens digit of d?
6
Suppose -4519 = -6*p + 5471. What is the units digit of p?
5
Let q(u) = 9*u - 5. Suppose -21*i + 17*i = -4. What is the units digit of q(i)?
4
Suppose 120 = 2*u - 3*d, d = -d. What is the tens digit of u?
6
Let y(s) = s**3 - s**2 - s - 3. Let m be y(3). Let l be 32/m - 8/12. Suppose l*d - 8 = -3*n, 6 = 4*d - 7*d. What is the units digit of n?
4
Let o be (1 - 1)*(-7)/28. What is the units digit of 5/((-175)/602)*(o + -5)?
6
Let s(c) = -2*c**2 + 8*c - 10. Let f be s(-8). Let g = -135 - f. What is the tens digit of g?
6
Let v(m) = 20*m**2 - 10*m - 20. What is the units digit of v(6)?
0
Suppose -20*q + 25*q - 3870 = 3*m, 4*m = 0. What is the hundreds digit of q?
7
Let j be -10*1/(-2) - (1 - -2). Suppose -4*z = -3*p + 160, j*z + 10 = -p + 50. What is the units digit of p?
8
What is the tens digit of 8365/10*(-20)/(-35)?
7
Let z be ((-201)/6)/((-4)/8). Suppose -8*x - 229 = z. Let b = x + 40. What is the units digit of b?
3
Suppose 4*f - 17 = 3*f. Suppose f = 3*z - 16. What is the units digit of z?
1
Suppose 1054 + 1376 = 6*d. Let l = d - 133. What is the tens digit of l?
7
What is the tens digit of 4/(-16)*-2 + 1603/14?
1
What is the thousands digit of 1362 - ((-336)/12)/(-7)?
1
Let y(r) = 184*r - 47. Let c be y(6). Suppose c = 5*m - x, 3*m + 2*x - 223 - 419 = 0. What is the units digit of m?
2
Let t(k) = 3*k + k + 41*k**3 - 5*k + 2*k**2 + 47*k**3. What is the units digit of t(1)?
9
Suppose -44 = -2*d - 0*d. Let k = 26 - d. Suppose -k*w + 80 = w. What is the units digit of w?
6
Let j(a) = a**2 + 6*a + 3. Let w be j(-6). Suppose t - w*t = -288. Let x = -102 + t. What is the units digit of x?
2
Let u(r) be the second derivative of r**3/6 - 3*r**2 - r. Let b be u(7). What is the tens digit of -3 - b*-26 - 2?
2
Let h(o) = -9 + 6 + 17 + 4*o. What is the units digit of h(13)?
6
Let s = -15 + 21. Suppose j + 1 = s. What is the units digit of j?
5
Let q(m) = -m**2 + 51*m + 488. What is the tens digit of q(32)?
9
Let t = 15 + -9. Suppose t*q = q + 975. What is the hundreds digit of q?
1
Let d(o) = -o**3 + 11*o**2 + 12*o + 4. Suppose -5*z + 19 = -41. Let b be d(z). Suppose 0*g - 116 = -b*g + l, 4*g = -l + 116. What is the units digit of g?
9
Let j be 37*((-6)/(-3) + 3). Suppose -3*k - 2*s + 140 = 0, 0 = -0*k - 4*k - s + j. What is the units digit of k?
6
Let c(t) be the second derivative of t**5/60 - t**4/12 - t**3/3 - 8*t. Let w(p) be the second derivative of c(p). What is the units digit of w(3)?
4
Suppose 8*j + 6*j - 28560 = 0. What is the thousands digit of j?
2
Suppose 26*l - 21*l = 1170. Let a = l - 70. What is the tens digit of a?
6
Let b(p) = 4*p + 10. Let n(l) = l + 3. Let m(h) = 2*b(h) - 7*n(h). Let x be m(3). Suppose 2*k - 23 = f, k + f - x = 5. What is the units digit of k?
0
Let p be 20/(-6) + 4/12. Let m(b) = -b**2 - 4*b - 7. Let u be m(p). What is the tens digit of -82*(3 + 14/u)?
4
Suppose 0 = -2*q + 3 + 9. Suppose 0 = q*w - 8 - 16. Suppose -j + w*j - 138 = 0. What is the tens digit of j?
4
What is the units digit of (31 + 4664)/((-9)/(-6))?
0
Suppose 36 = 5*p - 2*p. Suppose -4*y + p = -y. Suppose -3*n - 2 = 4, -y*f + 22 = -5*n. What is the units digit of f?
3
Suppose 1 = -t + 2*t. Suppose -u + 2 = -t. What is the units digit of u?
3
Suppose -5*z - 4*s = 42, -2*z - 5*s = 15 - 5. Let u(r) = -20*r - 71. What is the hundreds digit of u(z)?
1
Suppose -1 = j + 3*v + 10, 0 = 5*j - 2*v + 21. What is the tens digit of 55 + j - (-2)/(-1)?
4
Let z = 218 + -59. Let h = z + -110. What is the units digit of h?
9
Suppose 3*q - 3 = t, 4*q - 4*t + 1 = -3. Let b(l) = 20*l - 6. What is the units digit of b(q)?
4
Let v be (-104)/(-6) + 6/9. Let s = v + -11. Suppose -2*f - 82 = -s*w + 3*w, -w + 37 = 5*f. What is the units digit of w?
2
Let v be (-13)/(-5) + -4 + (-3)/5. Let u(t) = -19*t - 2. What is the units digit of u(v)?
6
Suppose 2*p = -0 + 2. Let o be (-4)/(-16)*(p + 11). Suppose -3*n + o*f + 99 = 0, 3 = 2*f + 7. What is the tens digit of n?
3
Let l(r) = r**2 - 8*r + 28. Let w be (-260)/(-22) + (-44)/(-242). What is the tens digit of l(w)?
7
Let u(k) = k**3 + 8*k**2 + 7*k + 2. Let y be u(-7). Let b be y/9*-3*-18. Let t = 0 + b. What is the units digit of t?
2
Let p(i) = 59*i + 27. Let l(c) = 59*c + 27. Let q(m) = -5*l(m) + 4*p(m). What is the tens digit of q(-5)?
6
Let x(o) = -5*o**3 + o**2 - 6*o - 5. Let w be x(4). Let f = w + 564. What is the tens digit of f?
3
Let u = -155 - -269. Suppose -4*b - 53 = -w, 3*w + 3*b = -0*w + u. Let j = w - 22. What is the tens digit of j?
1
Let z be (12/(-15))/(2/20). Let k be (5 + -2)/(z/(-72)). Suppose b + 5*d = k, -4*d - 178 + 46 = -4*b. What is the units digit of b?
2
Suppose 745*d - 79420 = 723*d. What is the thousands digit of d?
3
Let l = -621 - -1226. What is the hundreds digit of l?
6
Let w(u) = 427*u + 149. What is the units digit of w(12)?
3
Let f = -177 + 330. Suppose -3*a - 4*s + 459 = -6*s, -4*s = a - f. What is the hundreds digit of a?
1
Let h = 20 + -13. Let s(k) = 4*k**2 - 8*k - 11. Let a(u) = 5*u**2 - 9*u - 12. Let i(d) = -3*a(d) + 4*s(d). What is the units digit of i(h)?
6
Let y = -11 + 14. Suppose -1030 = -13*q + y*q. What is the tens digit of q?
0
Let r(w) be the second derivative of -w + 5/6*w**3 - 3*w**2 + 0. What is the tens digit of r(7)?
2
Let n be (-1)/(-1)*7/(-1). Let h(y) = -y**2 - 10*y - 4. Let i(o) = -o**2 - 10*o - 4. Let l(d) = -6*h(d) + 7*i(d). What is the tens digit of l(n)?
1
Let r be ((-56)/40)/(2/(-10)). Suppose -4*z = -r*z - 6. What is the units digit of 2 + -1 + (29 - z)?
2
Let b be 4 + 2 + -6 + 0. Suppose 5*c - 2*c + 4*z - 26 = b, -3*c + 5*z - 19 = 0. Suppose -c*l + 7 = -25. What is the units digit of l?
6
Let l be ((-3)/(-7))/(15/105). What is the units digit of -4 + 3 + 69 - l?
5
Suppose 0 = -2*v + 739 - 139. Suppose -4*b = 4*f - v, 228 = 3*f + 2*b + 2*b. What is the tens digit of f?
7
Let w = 1152 + 995. What is the thousands digit of w?
2
Let v = -8 + 14. Let r(f) be the third derivative of f**5/60 - 5*f**4/24 + 2*f**3/3 - 2*f**2. What is the units digit of r(v)?
0
Suppose -12*n + 2268 = 9*n. What is the hundreds digit of n?
1
Suppose 1234 = 2*h - 714. Su